 = -27 + 30. Suppose a - 12 = -u, 0 = u - m*u + 2*a + 40. What is the remainder when 109 is divided by u?
13
Let b(s) = -4*s**2 - 256*s + 10. What is the remainder when b(-46) is divided by 133?
130
Let r be 112/49 + -2 + (-24)/(-14). Suppose -62 = -4*x - r. What is the remainder when 72 is divided by x?
12
Suppose -55*z + 455 = -20*z. What is the remainder when 32 is divided by z?
6
Let k(b) = -b**2 - 47*b + 162. Suppose -s - 111 = -5*n, 0*n = -2*n - 4*s + 40. Calculate the remainder when n is divided by k(3).
10
Let q be (-250)/(-90) + 2/9. Suppose q*n = 6*n - 84. Suppose 2*s = 4*s - 164. Calculate the remainder when s is divided by n.
26
Suppose 39 = 5*n + 6*x, 2*n - 4*x + 6*x - 16 = 0. Let h be 2/(-3) - 8/(-3). Suppose 4 + h = y. Calculate the remainder when n is divided by y.
3
Suppose -24 = -3*d - 3*h, -2*h + 29 = 3*d + 2*h. Let l = 9 - 2. Let j = l - 4. Calculate the remainder when j is divided by d.
0
Let z(v) = 78*v - 31. What is the remainder when 227 is divided by z(1)?
39
Let k(d) = -d**3 - 8*d**2 - 9*d + 3. Let l be k(-7). Let x = 14 - l. Let u = x - -10. Calculate the remainder when 18 is divided by u.
4
Calculate the remainder when 58 is divided by 9 + -3 + 12/3.
8
Suppose 10 = 5*s - 4*f - 307, 0 = -2*s - f + 119. Calculate the remainder when 222 is divided by s.
39
Let d be 9 + 1 + (-1 - 3). Suppose 0 = 15*o - d*o - 657. What is the remainder when o is divided by 19?
16
Suppose -39*p + 49*p - 230 = 0. Calculate the remainder when 29 is divided by p.
6
Calculate the remainder when 21 is divided by (-25)/(-7) - (-24)/(-42) - -1.
1
Suppose c + 150 = 4*l, 3*c + 2*c - 10 = 0. What is the remainder when 108 is divided by l?
32
Let k be (0 - 0/(-1))/2. Suppose 3*r - 9 = k, -3*l - 2*r = -6*l + 15. Let t(w) = w**2 - 4*w - 28. Calculate the remainder when l is divided by t(-4).
3
Suppose 0 = -2*w - 4*z + 150, -w + 91 = -5*z + 3*z. Calculate the remainder when w is divided by 31.
21
Let n be ((-6)/(-2))/((-9)/(-138)). Suppose -4*m - k + n = -3*k, -k - 35 = -3*m. What is the remainder when 32 is divided by m?
8
Suppose 5*p + 1 = 3*x + 451, p + 2*x - 103 = 0. Calculate the remainder when p is divided by 18.
3
Let z(o) = -o - 1. Let t be z(-1). Let i(d) = -d**3 + 14. What is the remainder when (212/6)/(4/6) is divided by i(t)?
11
Calculate the remainder when 31 is divided by (-4)/6 + (-200)/(-12).
15
Let s = -1381 - -1950. Calculate the remainder when s is divided by 144.
137
Let c be 46365/(-21) + (-4)/(-56)*-2. What is the remainder when c/(-12) - (4 - 1) is divided by 23?
20
Let m = -81 - -91. Suppose -194 = -m*l + 16. Calculate the remainder when l is divided by 10.
1
What is the remainder when ((-162)/(-4))/((-2)/(-4)) is divided by 5 + -8 + (2 - -22)?
18
Let l(q) = -215*q - 17. What is the remainder when l(-1) is divided by 24?
6
Suppose 2*p - 432 = -2*p. Suppose p*u = 112*u - 36. Calculate the remainder when 69 is divided by u.
6
Let b(s) = -5*s**2 + 4. Let m(p) = 5*p**2 - 4 + p - 1 + 4 - 4. Let l(g) = -4*b(g) - 3*m(g). Calculate the remainder when l(-2) is divided by 9.
7
Let q(f) = f**3 + 6*f**2 - f + 4. Let b be q(-6). Suppose 2*g - b = g - 5*x, g - 2*x - 38 = 0. Calculate the remainder when 177 is divided by g.
27
Let q be -1 + 5 + 22/(-11). Suppose 5*a - a = -q*m + 30, -4*m = -4*a. What is the remainder when 11 is divided by m?
1
Let w(l) be the first derivative of 6 - 3/2*l**2 + l**3 - l. What is the remainder when 48 is divided by w(-2)?
14
Let d(p) = 161*p - 1264. Calculate the remainder when d(8) is divided by 24.
0
Let b = -9 + 6. Let d(n) = -26*n + 6. Let g be d(b). Let i = g - 55. Calculate the remainder when 86 is divided by i.
28
Suppose -28 = -10*n + 112. Calculate the remainder when 49 is divided by n.
7
Suppose -2*d + 4 = -4. Suppose d*o - 22 + 6 = 0, -16 = -2*w + 2*o. What is the remainder when 23 is divided by w?
11
Suppose 5*o + 3*j + 7 = 1, 5*j = 4*o + 27. What is the remainder when (-12)/36 + (-127)/o is divided by 22?
20
Suppose 0 = 5*b - 3*q - 1461, -1167 = -4*b - q + 4*q. What is the remainder when b is divided by 75?
69
Calculate the remainder when 84 + -7 - ((-5)/(-1) + -9) is divided by (-24)/14*(-8 + 1).
9
Suppose 0 = -2*n - 48 + 144. Suppose -4*y = c - n, -42 - 81 = -3*c - 5*y. Calculate the remainder when c is divided by 19.
17
Suppose 5*w + 4*i - 41 = 0, 3*w - i = -0*i + 28. Let x(c) be the first derivative of c**2 - 13*c - 28. What is the remainder when x(18) is divided by w?
5
Suppose -125 - 23 - 23 = -3*w. Let g = -5 - -2. What is the remainder when w is divided by ((-5)/g)/(2/24)?
17
Let w(y) = -2*y**3 - 19*y**2 + 10*y + 12. What is the remainder when 634 is divided by w(-10)?
10
Suppose -31*t = -12*t - 513. Suppose -2*q + 299 - 33 = 0. Calculate the remainder when q is divided by t.
25
Let r = -47 + 60. Suppose 0 = -5*o - 0*o + 4*f - 31, 4*o = -3*f - 31. Let x(g) = -g**3 - 7*g**2 - 5*g + 3. What is the remainder when x(o) is divided by r?
12
Let w(t) = -3*t**3 - 6*t**2 - 8*t - 1. Let z(l) = 4*l**3 + 7*l**2 + 9*l + 2. Let m(i) = -5*w(i) - 4*z(i). What is the remainder when 27 is divided by m(2)?
2
Let m = -22 - -6. What is the remainder when 78 is divided by (-109)/(-4) - (-4)/m?
24
Suppose -5*c = 3*b - 10*c - 79, 3*c = -5*b + 75. Let r = b - 3. Suppose 10*g - 20*g = -290. Calculate the remainder when g is divided by r.
14
Let a = -11 - -36. Let f(v) = 70*v + 1. Suppose 3 = 3*q - 4*g - 0, 0 = 4*g. What is the remainder when f(q) is divided by a?
21
Let u(s) = -s**3 - 4*s**2 - 3*s - 1. Let n be ((-3)/3)/((-7)/(-28)). Let j = 14 - -6. Calculate the remainder when j is divided by u(n).
9
Suppose -19*w + 7*w + 36 = 0. Suppose -6*l + l + 95 = 0. Calculate the remainder when l is divided by w.
1
Let w = 413 + 19. What is the remainder when w/10 - (-10)/(-50) is divided by 23?
20
Let o = -20 - -39. Calculate the remainder when ((-31)/3)/((-6)/54) is divided by o.
17
Suppose -12*t = 11*t - 345. Calculate the remainder when 190 is divided by t.
10
Suppose 0 = -5*u + s - 2*s + 298, 2*s = -4. Calculate the remainder when 117 is divided by u.
57
Calculate the remainder when 80 is divided by (-6214)/(-221) - (-4)/(-34).
24
Let s(g) = -19*g + 4*g**2 - 3*g**2 + 26*g + 3. Let t be s(-7). What is the remainder when 18 is divided by t + 4 + (-3 - 0)?
2
Suppose 3*g + 3 = 0, 0 = -6*b + 3*b + 3*g + 57. What is the remainder when 161 is divided by b?
17
Let h = 24 + -14. Suppose 0 = 6*a - h*a + 72. Suppose -c - 4*x + 6 = 0, 3*x + a = 3*c - 2*x. What is the remainder when 21 is divided by c?
3
Suppose -17 = -c - 12. Suppose -455 = -c*g + 230. Calculate the remainder when g is divided by 47.
43
Suppose -k = -3*k + 10. What is the remainder when 21 is divided by (11/1)/(5/k)?
10
Let r(p) = -2*p**2 + 19*p + 33. Suppose -150 = -9*k - 6*k. Let w = 14 - 8. Calculate the remainder when r(k) is divided by w.
5
Let s(l) = 3*l + l**2 + 21 - l + l + l. Calculate the remainder when 49 is divided by s(-5).
23
Suppose 3*z = 4*g + 260, -17*g = -3*z - 14*g + 264. Suppose 18 = 2*k - 20. Calculate the remainder when z is divided by k.
16
Let u(q) = -q**3 + 10*q**2 - 14*q + 8. Let i be u(8). Suppose 11*x = 9*x + i. What is the remainder when x is divided by 7?
5
Let f be 27 - 65 - 0/1. What is the remainder when 10 is divided by 57/f*2/(-1)?
1
Let t(r) = r**3 + 8*r**2 - 5*r + 3. Suppose -2*f = -f + 6. Let j be t(f). Suppose 2*x = 7*x - j. What is the remainder when 62 is divided by x?
20
Suppose 520 = 5*n - 0*n. Suppose 7*u = 11*u - n. What is the remainder when 102 is divided by u?
24
Suppose -t + 2*t = 0. Calculate the remainder when (-548)/(-4)*(t - (1 + -2)) is divided by 48.
41
Suppose -326 - 82 = 9*c - 77*c. Suppose -5 - 1 = -2*g. Suppose 0 = -b, 72 = g*z + 5*b - 15. Calculate the remainder when z is divided by c.
5
Let y = -52 - -81. Let v = -4549 - -4662. Calculate the remainder when v is divided by y.
26
Let w = -202 + 244. What is the remainder when w is divided by 11?
9
Suppose r = -0*r + 1. Suppose w - 12 = r. What is the remainder when w is divided by 5/(-9)*(-324)/36?
3
Let l(x) = 4*x - 22. Let a be l(6). Let i = a - -18. Suppose 38 = -y + 4*y + h, -25 = -5*h. What is the remainder when i is divided by y?
9
Let f be (-1)/3 + 13/3. Let z(w) be the second derivative of -w**5/20 + 7*w**4/12 - w**3 - 12*w. Calculate the remai